{"id":810,"date":"2025-04-03T11:13:44","date_gmt":"2025-04-03T09:13:44","guid":{"rendered":"https:\/\/aranowski.eu\/?page_id=810"},"modified":"2025-04-03T12:57:26","modified_gmt":"2025-04-03T10:57:26","slug":"transmisja-obrad-sesji-i-komisji-rady-gminy-raszyn","status":"publish","type":"page","link":"https:\/\/aranowski.eu\/?page_id=810","title":{"rendered":"Transmisja obrad Sesji i Komisji Rady Gminy Raszyn"},"content":{"rendered":"\n<link href=\"https:\/\/transmisja.esesja.pl\/video-js.css\" rel=\"stylesheet\"\/><script src=\"https:\/\/transmisja.esesja.pl\/video.js\"><\/script><script src=\"https:\/\/transmisja.esesja.pl\/videojs-http-streaming.js\"><\/script>\n<div id=\"vplayer\"><video-js id=\"my_video_1\" class=\"video-js vjs-default-skin vjs-big-play-centered vjs-16-9\" controls preload=\"auto\"><\/video-js><\/div>\n<style>\n#vplayer {max-width:100%;margin-left:auto;margin-right:auto}\n<\/style>\n<script type=\"text\/javascript\">\nvar player = videojs('my_video_1');player.src({src: 'https:\/\/esesja.tv\/live\/389\/playlist.m3u8',type: 'application\/x-mpegURL'});player.play();\n<\/script>\n\n\n\n<p>Najbli\u017csza transmisja w czwartek, 3 kwietnia, godzina 16:00. <strong>Komisja Ochrony Zdrowia, Spraw Spo\u0142ecznych i Sportu<\/strong>. Wi\u0119cej informacji w linku: <a href=\"https:\/\/raszyn.esesja.pl\/posiedzenie\/fc62aef7-6455-4\" target=\"_blank\" rel=\"noreferrer noopener nofollow\">10 posiedzenie Komisji Ochrony Zdrowia, Spraw Spo\u0142ecznych i Sportu<\/a> <\/p>\n\n\n\n<p><\/p>\n","protected":false},"excerpt":{"rendered":"<p>Najbli\u017csza transmisja w czwartek, 3 kwietnia, godzina 16:00. Komisja Ochrony Zdrowia, Spraw Spo\u0142ecznych i Sportu. Wi\u0119cej informacji w linku: 10 posiedzenie Komisji Ochrony Zdrowia, Spraw Spo\u0142ecznych i Sportu<\/p>\n","protected":false},"author":1,"featured_media":0,"parent":0,"menu_order":0,"comment_status":"closed","ping_status":"closed","template":"","meta":{"footnotes":""},"class_list":["post-810","page","type-page","status-publish","hentry"],"_links":{"self":[{"href":"https:\/\/aranowski.eu\/index.php?rest_route=\/wp\/v2\/pages\/810","targetHints":{"allow":["GET"]}}],"collection":[{"href":"https:\/\/aranowski.eu\/index.php?rest_route=\/wp\/v2\/pages"}],"about":[{"href":"https:\/\/aranowski.eu\/index.php?rest_route=\/wp\/v2\/types\/page"}],"author":[{"embeddable":true,"href":"https:\/\/aranowski.eu\/index.php?rest_route=\/wp\/v2\/users\/1"}],"replies":[{"embeddable":true,"href":"https:\/\/aranowski.eu\/index.php?rest_route=%2Fwp%2Fv2%2Fcomments&post=810"}],"version-history":[{"count":11,"href":"https:\/\/aranowski.eu\/index.php?rest_route=\/wp\/v2\/pages\/810\/revisions"}],"predecessor-version":[{"id":825,"href":"https:\/\/aranowski.eu\/index.php?rest_route=\/wp\/v2\/pages\/810\/revisions\/825"}],"wp:attachment":[{"href":"https:\/\/aranowski.eu\/index.php?rest_route=%2Fwp%2Fv2%2Fmedia&parent=810"}],"curies":[{"name":"wp","href":"https:\/\/api.w.org\/{rel}","templated":true}]}}